Last updated on 2024-05-04 09:49:29 CEST.
Flavor | Version | Tinstall | Tcheck | Ttotal | Status | Flags |
---|---|---|---|---|---|---|
r-devel-linux-x86_64-debian-clang | 0.2.2 | 8.25 | 72.00 | 80.25 | NOTE | |
r-devel-linux-x86_64-debian-gcc | 0.2.2 | 6.97 | 52.58 | 59.55 | NOTE | |
r-devel-linux-x86_64-fedora-clang | 0.2.2 | 101.88 | NOTE | |||
r-devel-linux-x86_64-fedora-gcc | 0.2.2 | 92.85 | NOTE | |||
r-devel-windows-x86_64 | 0.2.2 | 9.00 | 73.00 | 82.00 | NOTE | |
r-patched-linux-x86_64 | 0.2.2 | 7.41 | 66.04 | 73.45 | NOTE | |
r-release-linux-x86_64 | 0.2.2 | 7.93 | 68.07 | 76.00 | NOTE | |
r-release-macos-arm64 | 0.2.2 | 31.00 | NOTE | |||
r-release-windows-x86_64 | 0.2.2 | 8.00 | 72.00 | 80.00 | NOTE | |
r-oldrel-macos-arm64 | 0.2.2 | 34.00 | OK | |||
r-oldrel-macos-x86_64 | 0.2.2 | 50.00 | OK | |||
r-oldrel-windows-x86_64 | 0.2.2 | 10.00 | 85.00 | 95.00 | OK |
Version: 0.2.2
Check: Rd files
Result: NOTE
checkRd: (-1) bd_collect.Rd:30: Lost braces; missing escapes or markup?
30 | the {dplyr}'s verbs and thus use it in local memory completely.
| ^
checkRd: (-1) bd_write.Rd:52: Lost braces; missing escapes or markup?
52 | Writes a remote table to disk that was called via {bdplyr}.
| ^
checkRd: (-1) bdplyr.Rd:5: Lost braces; missing escapes or markup?
5 | \title{Compatibility with {dplyr} verbs without using SQL language}
| ^
Flavors: r-devel-linux-x86_64-debian-clang, r-devel-linux-x86_64-debian-gcc, r-devel-linux-x86_64-fedora-clang, r-devel-linux-x86_64-fedora-gcc, r-devel-windows-x86_64, r-patched-linux-x86_64, r-release-linux-x86_64, r-release-macos-arm64, r-release-windows-x86_64
Version: 0.2.2
Check: Rd cross-references
Result: NOTE
Undeclared packages ‘jsonlite’, ‘arrow’ in Rd xrefs
Flavor: r-devel-linux-x86_64-fedora-clang