Last updated on 2024-05-04 13:49:00 CEST.
Flavor | Version | Tinstall | Tcheck | Ttotal | Status | Flags |
---|---|---|---|---|---|---|
r-devel-linux-x86_64-debian-clang | 0.9.17 | 16.47 | 159.36 | 175.83 | NOTE | |
r-devel-linux-x86_64-debian-gcc | 0.9.17 | 12.57 | 120.37 | 132.94 | NOTE | |
r-devel-linux-x86_64-fedora-clang | 0.9.17 | 223.16 | NOTE | |||
r-devel-linux-x86_64-fedora-gcc | 0.9.17 | 219.84 | NOTE | |||
r-devel-windows-x86_64 | 0.9.17 | 17.00 | 171.00 | 188.00 | NOTE | |
r-patched-linux-x86_64 | 0.9.17 | 19.86 | 154.80 | 174.66 | NOTE | |
r-release-linux-x86_64 | 0.9.17 | 11.26 | 155.11 | 166.37 | NOTE | |
r-release-macos-arm64 | 0.9.17 | 88.00 | NOTE | |||
r-release-windows-x86_64 | 0.9.17 | 16.00 | 172.00 | 188.00 | NOTE | |
r-oldrel-macos-arm64 | 0.9.17 | 92.00 | NOTE | |||
r-oldrel-macos-x86_64 | 0.9.17 | 158.00 | NOTE | |||
r-oldrel-windows-x86_64 | 0.9.17 | 20.00 | 208.00 | 228.00 | OK |
Version: 0.9.17
Check: Rd files
Result: NOTE
checkRd: (-1) JobCollection.Rd:41: Lost braces
41 | \item{namespaces}{code{character} with required packages to load via \code{\link[base]{requireNamespace}}.}
| ^
checkRd: (-1) addAlgorithm.Rd:31: Lost braces
31 | Algorithms are functions which get the code{data} part as well as the problem instance (the return value of the
| ^
Flavors: r-devel-linux-x86_64-debian-clang, r-devel-linux-x86_64-debian-gcc, r-devel-linux-x86_64-fedora-clang, r-devel-linux-x86_64-fedora-gcc, r-devel-windows-x86_64, r-patched-linux-x86_64, r-release-linux-x86_64, r-release-macos-arm64, r-release-windows-x86_64
Version: 0.9.17
Check: Rd cross-references
Result: NOTE
Undeclared package ‘Rmpi’ in Rd xrefs
Flavor: r-devel-linux-x86_64-fedora-clang
Version: 0.9.17
Check: package dependencies
Result: NOTE
Package suggested but not available for checking: ‘doMPI’
Flavors: r-release-macos-arm64, r-oldrel-macos-arm64, r-oldrel-macos-x86_64
Version: 0.9.17
Check: Rd cross-references
Result: NOTE
Package unavailable to check Rd xrefs: ‘Rmpi’
Flavors: r-release-macos-arm64, r-oldrel-macos-arm64, r-oldrel-macos-x86_64