Last updated on 2024-05-04 09:49:29 CEST.
Flavor | Version | Tinstall | Tcheck | Ttotal | Status | Flags |
---|---|---|---|---|---|---|
r-devel-linux-x86_64-debian-clang | 3.7 | 160.33 | 137.52 | 297.85 | OK | |
r-devel-linux-x86_64-debian-gcc | 3.7 | 130.28 | 97.07 | 227.35 | OK | |
r-devel-linux-x86_64-fedora-clang | 3.7 | 489.04 | NOTE | |||
r-devel-linux-x86_64-fedora-gcc | 3.7 | 396.52 | OK | |||
r-devel-windows-x86_64 | 3.7 | 149.00 | 142.00 | 291.00 | OK | |
r-patched-linux-x86_64 | 3.7 | 163.54 | 127.65 | 291.19 | OK | |
r-release-linux-x86_64 | 3.7 | 165.68 | 125.95 | 291.63 | OK | |
r-release-macos-arm64 | 3.7 | 89.00 | NOTE | |||
r-release-windows-x86_64 | 3.7 | 144.00 | 143.00 | 287.00 | OK | |
r-oldrel-macos-arm64 | 3.7 | 99.00 | NOTE | |||
r-oldrel-macos-x86_64 | 3.7 | 139.00 | NOTE | |||
r-oldrel-windows-x86_64 | 3.7 | 165.00 | 173.00 | 338.00 | OK |
Version: 3.7
Check: Rd cross-references
Result: NOTE
Undeclared package ‘mvtnorm’ in Rd xrefs
Flavor: r-devel-linux-x86_64-fedora-clang
Version: 3.7
Check: installed package size
Result: NOTE
installed size is 5.9Mb
sub-directories of 1Mb or more:
libs 4.7Mb
Flavors: r-release-macos-arm64, r-oldrel-macos-arm64, r-oldrel-macos-x86_64