Last updated on 2024-05-04 13:49:00 CEST.
Flavor | Version | Tinstall | Tcheck | Ttotal | Status | Flags |
---|---|---|---|---|---|---|
r-devel-linux-x86_64-debian-clang | 0.1.2 | 123.13 | 224.14 | 347.27 | OK | |
r-devel-linux-x86_64-debian-gcc | 0.1.2 | 89.64 | 137.25 | 226.89 | OK | |
r-devel-linux-x86_64-fedora-clang | 0.1.2 | 443.33 | OK | |||
r-devel-linux-x86_64-fedora-gcc | 0.1.2 | 417.37 | OK | |||
r-devel-windows-x86_64 | 0.1.2 | 86.00 | 231.00 | 317.00 | OK | |
r-patched-linux-x86_64 | 0.1.2 | 118.58 | 184.41 | 302.99 | OK | |
r-release-linux-x86_64 | 0.1.2 | 111.42 | 189.34 | 300.76 | OK | |
r-release-macos-arm64 | 0.1.2 | 111.00 | NOTE | |||
r-release-windows-x86_64 | 0.1.2 | 85.00 | 230.00 | 315.00 | OK | |
r-oldrel-macos-arm64 | 0.1.2 | 110.00 | NOTE | |||
r-oldrel-macos-x86_64 | 0.1.2 | 216.00 | NOTE | |||
r-oldrel-windows-x86_64 | 0.1.2 | 104.00 | 262.00 | 366.00 | OK |
Version: 0.1.2
Check: installed package size
Result: NOTE
installed size is 7.1Mb
sub-directories of 1Mb or more:
libs 6.5Mb
Flavors: r-release-macos-arm64, r-oldrel-macos-arm64, r-oldrel-macos-x86_64