Last updated on 2024-05-04 13:49:00 CEST.
Flavor | Version | Tinstall | Tcheck | Ttotal | Status | Flags |
---|---|---|---|---|---|---|
r-devel-linux-x86_64-debian-clang | 0.2.1 | 55.00 | 126.16 | 181.16 | NOTE | |
r-devel-linux-x86_64-debian-gcc | 0.2.1 | 44.48 | 90.25 | 134.73 | NOTE | |
r-devel-linux-x86_64-fedora-clang | 0.2.1 | 240.83 | NOTE | |||
r-devel-linux-x86_64-fedora-gcc | 0.2.1 | 230.00 | NOTE | |||
r-devel-windows-x86_64 | 0.2.1 | 46.00 | 135.00 | 181.00 | NOTE | |
r-patched-linux-x86_64 | 0.2.1 | 55.92 | 118.21 | 174.13 | NOTE | |
r-release-linux-x86_64 | 0.2.1 | 51.91 | 117.11 | 169.02 | NOTE | |
r-release-macos-arm64 | 0.2.1 | 59.00 | NOTE | |||
r-release-windows-x86_64 | 0.2.1 | 48.00 | 133.00 | 181.00 | NOTE | |
r-oldrel-macos-arm64 | 0.2.1 | 68.00 | OK | |||
r-oldrel-macos-x86_64 | 0.2.1 | 107.00 | OK | |||
r-oldrel-windows-x86_64 | 0.2.1 | 58.00 | 146.00 | 204.00 | OK |
Version: 0.2.1
Check: Rd files
Result: NOTE
checkRd: (-1) insert_NAs.Rd:22: Lost braces; missing escapes or markup?
22 | A data frame where new rows have been inserted to regularize the \code{date} column. This results in values provided for \code{id}, \code{date}, and {dt} while inserting NAs for all other columns. Additionally, observations with duplicate date-times are removed.
| ^
Flavors: r-devel-linux-x86_64-debian-clang, r-devel-linux-x86_64-debian-gcc, r-devel-linux-x86_64-fedora-clang, r-devel-linux-x86_64-fedora-gcc, r-devel-windows-x86_64, r-patched-linux-x86_64, r-release-linux-x86_64, r-release-macos-arm64, r-release-windows-x86_64