Last updated on 2024-05-06 01:48:15 CEST.
Flavor | Version | Tinstall | Tcheck | Ttotal | Status | Flags |
---|---|---|---|---|---|---|
r-devel-linux-x86_64-debian-clang | 1.11.1 | 16.02 | 528.96 | 544.98 | OK | |
r-devel-linux-x86_64-debian-gcc | 1.11.1 | 12.27 | 374.08 | 386.35 | OK | |
r-devel-linux-x86_64-fedora-clang | 1.11.1 | 662.29 | NOTE | |||
r-devel-linux-x86_64-fedora-gcc | 1.11.1 | 601.55 | OK | |||
r-devel-windows-x86_64 | 1.11.1 | 17.00 | 329.00 | 346.00 | NOTE | |
r-patched-linux-x86_64 | 1.11.1 | 19.64 | 501.55 | 521.19 | OK | |
r-release-linux-x86_64 | 1.11.1 | 14.41 | 468.93 | 483.34 | NOTE | |
r-release-macos-arm64 | 1.11.1 | 209.00 | NOTE | |||
r-release-macos-x86_64 | 1.11.1 | 357.00 | NOTE | |||
r-release-windows-x86_64 | 1.11.1 | 14.00 | 341.00 | 355.00 | NOTE | |
r-oldrel-macos-arm64 | 1.11.1 | 151.00 | NOTE | |||
r-oldrel-macos-x86_64 | 1.11.1 | 318.00 | NOTE | |||
r-oldrel-windows-x86_64 | 1.11.1 | 19.00 | 467.00 | 486.00 | NOTE |
Version: 1.11.1
Check: installed package size
Result: NOTE
installed size is 6.5Mb
sub-directories of 1Mb or more:
R 1.9Mb
doc 3.8Mb
Flavors: r-devel-linux-x86_64-fedora-clang, r-devel-windows-x86_64, r-release-macos-arm64, r-release-macos-x86_64, r-release-windows-x86_64, r-oldrel-macos-arm64, r-oldrel-macos-x86_64, r-oldrel-windows-x86_64
Version: 1.11.1
Check: package dependencies
Result: NOTE
Package suggested but not available for checking: ‘rstanarm’
Flavor: r-release-linux-x86_64