Last updated on 2024-05-04 09:49:29 CEST.
Flavor | Version | Tinstall | Tcheck | Ttotal | Status | Flags |
---|---|---|---|---|---|---|
r-devel-linux-x86_64-debian-clang | 0.0.2 | 30.41 | 337.09 | 367.50 | NOTE | |
r-devel-linux-x86_64-debian-gcc | 0.0.2 | 22.89 | 241.94 | 264.83 | NOTE | |
r-devel-linux-x86_64-fedora-clang | 0.0.2 | 475.97 | NOTE | |||
r-devel-linux-x86_64-fedora-gcc | 0.0.2 | 453.25 | NOTE | |||
r-devel-windows-x86_64 | 0.0.2 | 33.00 | 237.00 | 270.00 | NOTE | |
r-patched-linux-x86_64 | 0.0.2 | 41.44 | 318.41 | 359.85 | NOTE | |
r-release-linux-x86_64 | 0.0.2 | 0.44 | 2.26 | 2.70 | ERROR | |
r-release-macos-arm64 | 0.0.2 | 109.00 | NOTE | |||
r-release-windows-x86_64 | 0.0.2 | 29.00 | 235.00 | 264.00 | NOTE | |
r-oldrel-macos-arm64 | 0.0.2 | 110.00 | NOTE | |||
r-oldrel-macos-x86_64 | 0.0.2 | 183.00 | NOTE | |||
r-oldrel-windows-x86_64 | 0.0.2 | 32.00 | 301.00 | 333.00 | NOTE |
Version: 0.0.2
Check: package subdirectories
Result: NOTE
Problems with news in ‘NEWS.md’:
No news entries found.
Flavors: r-devel-linux-x86_64-debian-clang, r-devel-linux-x86_64-debian-gcc, r-devel-linux-x86_64-fedora-clang, r-devel-linux-x86_64-fedora-gcc, r-devel-windows-x86_64, r-patched-linux-x86_64, r-release-macos-arm64, r-release-windows-x86_64, r-oldrel-macos-arm64, r-oldrel-macos-x86_64, r-oldrel-windows-x86_64
Version: 0.0.2
Check: Rd files
Result: NOTE
checkRd: (-1) pulse_of_the_nation.Rd:10: Escaped LaTeX specials: \$
Flavors: r-devel-linux-x86_64-debian-clang, r-devel-linux-x86_64-debian-gcc, r-devel-linux-x86_64-fedora-clang, r-devel-linux-x86_64-fedora-gcc, r-devel-windows-x86_64, r-patched-linux-x86_64, r-release-macos-arm64, r-release-windows-x86_64, r-oldrel-macos-arm64, r-oldrel-macos-x86_64, r-oldrel-windows-x86_64
Version: 0.0.2
Check: data for non-ASCII characters
Result: NOTE
Note: found 1924 marked UTF-8 strings
Flavors: r-devel-linux-x86_64-fedora-clang, r-devel-linux-x86_64-fedora-gcc
Version: 0.0.2
Check: package dependencies
Result: ERROR
Package required but not available: ‘rstanarm’
See section ‘The DESCRIPTION file’ in the ‘Writing R Extensions’
manual.
Flavor: r-release-linux-x86_64