Last updated on 2024-05-04 13:49:00 CEST.
Flavor | Version | Tinstall | Tcheck | Ttotal | Status | Flags |
---|---|---|---|---|---|---|
r-devel-linux-x86_64-debian-clang | 0.3.0 | 177.18 | 31.86 | 209.04 | OK | |
r-devel-linux-x86_64-debian-gcc | 0.3.0 | 133.51 | 23.68 | 157.19 | OK | |
r-devel-linux-x86_64-fedora-clang | 0.3.0 | 304.72 | OK | |||
r-devel-linux-x86_64-fedora-gcc | 0.3.0 | 305.53 | OK | |||
r-devel-windows-x86_64 | 0.3.0 | 131.00 | 72.00 | 203.00 | OK | |
r-patched-linux-x86_64 | 0.3.0 | 171.47 | 29.89 | 201.36 | OK | |
r-release-linux-x86_64 | 0.3.0 | 167.20 | 30.36 | 197.56 | OK | |
r-release-macos-arm64 | 0.3.0 | 55.00 | NOTE | |||
r-release-windows-x86_64 | 0.3.0 | 126.00 | 64.00 | 190.00 | OK | |
r-oldrel-macos-arm64 | 0.3.0 | 61.00 | NOTE | |||
r-oldrel-macos-x86_64 | 0.3.0 | 82.00 | NOTE | |||
r-oldrel-windows-x86_64 | 0.3.0 | 159.00 | 76.00 | 235.00 | OK |
Version: 0.3.0
Check: installed package size
Result: NOTE
installed size is 5.4Mb
sub-directories of 1Mb or more:
libs 5.3Mb
Flavors: r-release-macos-arm64, r-oldrel-macos-arm64, r-oldrel-macos-x86_64