Last updated on 2024-05-04 13:49:00 CEST.
Flavor | Version | Tinstall | Tcheck | Ttotal | Status | Flags |
---|---|---|---|---|---|---|
r-devel-linux-x86_64-debian-clang | 2.0.2 | 137.12 | 39.91 | 177.03 | NOTE | |
r-devel-linux-x86_64-debian-gcc | 2.0.2 | 107.38 | 30.38 | 137.76 | NOTE | |
r-devel-linux-x86_64-fedora-clang | 2.0.2 | 264.58 | NOTE | |||
r-devel-linux-x86_64-fedora-gcc | 2.0.2 | 270.04 | NOTE | |||
r-devel-windows-x86_64 | 2.0.2 | 109.00 | 77.00 | 186.00 | NOTE | |
r-patched-linux-x86_64 | 2.0.2 | 122.35 | 38.81 | 161.16 | NOTE | |
r-release-linux-x86_64 | 2.0.2 | 91.76 | 38.01 | 129.77 | NOTE | |
r-release-macos-arm64 | 2.0.2 | 60.00 | NOTE | |||
r-release-macos-x86_64 | 2.0.2 | 79.00 | NOTE | |||
r-release-windows-x86_64 | 2.0.2 | 104.00 | 73.00 | 177.00 | NOTE | |
r-oldrel-macos-arm64 | 2.0.2 | 60.00 | NOTE | |||
r-oldrel-macos-x86_64 | 2.0.2 | 76.00 | NOTE | |||
r-oldrel-windows-x86_64 | 2.0.2 | 130.00 | 72.00 | 202.00 | NOTE |
Version: 2.0.2
Check: for GNU extensions in Makefiles
Result: NOTE
GNU make is a SystemRequirements.
Flavors: r-devel-linux-x86_64-debian-clang, r-devel-linux-x86_64-debian-gcc, r-devel-linux-x86_64-fedora-clang, r-devel-linux-x86_64-fedora-gcc, r-devel-windows-x86_64, r-patched-linux-x86_64, r-release-linux-x86_64, r-release-macos-arm64, r-release-macos-x86_64, r-release-windows-x86_64, r-oldrel-macos-arm64, r-oldrel-macos-x86_64, r-oldrel-windows-x86_64
Version: 2.0.2
Check: installed package size
Result: NOTE
installed size is 7.0Mb
sub-directories of 1Mb or more:
libs 5.9Mb
Flavors: r-release-macos-arm64, r-release-macos-x86_64, r-oldrel-macos-arm64, r-oldrel-macos-x86_64