Last updated on 2024-05-04 05:50:16 CEST.
Flavor | Version | Tinstall | Tcheck | Ttotal | Status | Flags |
---|---|---|---|---|---|---|
r-devel-linux-x86_64-debian-clang | 0.1.15 | 6.29 | 51.24 | 57.53 | NOTE | |
r-devel-linux-x86_64-fedora-clang | 0.1.15 | 72.89 | NOTE | |||
r-devel-linux-x86_64-fedora-gcc | 0.1.15 | 69.06 | NOTE | |||
r-devel-windows-x86_64 | 0.1.15 | 8.00 | 59.00 | 67.00 | NOTE | |
r-patched-linux-x86_64 | 0.1.15 | 4.79 | 48.90 | 53.69 | NOTE | |
r-release-linux-x86_64 | 0.1.15 | 6.13 | 50.22 | 56.35 | NOTE | |
r-release-macos-arm64 | 0.1.15 | 25.00 | NOTE | |||
r-release-windows-x86_64 | 0.1.15 | 6.00 | 58.00 | 64.00 | ERROR | |
r-oldrel-macos-arm64 | 0.1.15 | 25.00 | NOTE | |||
r-oldrel-macos-x86_64 | 0.1.15 | 40.00 | NOTE | |||
r-oldrel-windows-x86_64 | 0.1.15 | 8.00 | 64.00 | 72.00 | NOTE |
Version: 0.1.15
Check: LazyData
Result: NOTE
'LazyData' is specified without a 'data' directory
Flavors: r-devel-linux-x86_64-debian-clang, r-devel-linux-x86_64-fedora-clang, r-devel-linux-x86_64-fedora-gcc, r-devel-windows-x86_64, r-patched-linux-x86_64, r-release-linux-x86_64, r-release-macos-arm64, r-release-windows-x86_64, r-oldrel-macos-arm64, r-oldrel-macos-x86_64, r-oldrel-windows-x86_64
Version: 0.1.15
Check: examples
Result: ERROR
Running examples in 'bdDwC-Ex.R' failed
The error most likely occurred in:
> ### Name: downloadCloudData
> ### Title: Download Darwin Cloud Data
> ### Aliases: downloadCloudData
>
> ### ** Examples
>
> downloadCloudData()
Warning in file(file, "rt") :
URL 'https://raw.githubusercontent.com/kurator-org/kurator-validation/master/packages/kurator_dwca/data/vocabularies/darwin_cloud.txt': status was 'SSL connect error'
Error in file(file, "rt") :
cannot open the connection to 'https://raw.githubusercontent.com/kurator-org/kurator-validation/master/packages/kurator_dwca/data/vocabularies/darwin_cloud.txt'
Calls: downloadCloudData -> read.csv -> read.table -> file
Execution halted
Flavor: r-release-windows-x86_64