Last updated on 2024-05-06 01:48:15 CEST.
Flavor | Version | Tinstall | Tcheck | Ttotal | Status | Flags |
---|---|---|---|---|---|---|
r-devel-linux-x86_64-debian-clang | 3.1-4 | 13.87 | 196.95 | 210.82 | OK | |
r-devel-linux-x86_64-debian-gcc | 3.1-4 | 11.17 | 138.15 | 149.32 | OK | |
r-devel-linux-x86_64-fedora-clang | 3.1-4 | 257.54 | OK | |||
r-devel-linux-x86_64-fedora-gcc | 3.1-4 | 258.19 | OK | |||
r-devel-windows-x86_64 | 3.1-4 | 13.00 | 192.00 | 205.00 | OK | |
r-patched-linux-x86_64 | 3.1-4 | 14.56 | 184.94 | 199.50 | OK | |
r-release-linux-x86_64 | 3.1-4 | 12.15 | 187.49 | 199.64 | OK | |
r-release-macos-arm64 | 3.1-4 | 76.00 | OK | |||
r-release-windows-x86_64 | 3.1-4 | 12.00 | 193.00 | 205.00 | OK | |
r-oldrel-macos-arm64 | 3.1-4 | 86.00 | OK | |||
r-oldrel-macos-x86_64 | 3.1-4 | 136.00 | NOTE | |||
r-oldrel-windows-x86_64 | 3.1-4 | 16.00 | 216.00 | 232.00 | OK |
Version: 3.1-4
Check: package dependencies
Result: NOTE
Package suggested but not available for checking: ‘car’
Flavor: r-oldrel-macos-x86_64
Version: 3.1-4
Check: re-building of vignette outputs
Result: NOTE
Note: skipping ‘betareg.Rnw’ due to unavailable dependencies: 'car'
Flavor: r-oldrel-macos-x86_64