Last updated on 2024-05-04 13:49:00 CEST.
Flavor | Version | Tinstall | Tcheck | Ttotal | Status | Flags |
---|---|---|---|---|---|---|
r-devel-linux-x86_64-debian-clang | 0.0.9 | 5.78 | 42.88 | 48.66 | OK | |
r-devel-linux-x86_64-debian-gcc | 0.0.9 | 4.11 | 32.91 | 37.02 | OK | |
r-devel-linux-x86_64-fedora-clang | 0.0.9 | 61.48 | NOTE | |||
r-devel-linux-x86_64-fedora-gcc | 0.0.9 | 58.43 | NOTE | |||
r-devel-windows-x86_64 | 0.0.9 | 7.00 | 57.00 | 64.00 | OK | |
r-patched-linux-x86_64 | 0.0.9 | 10.35 | 41.25 | 51.60 | OK | |
r-release-linux-x86_64 | 0.0.9 | 5.62 | 42.03 | 47.65 | OK | |
r-release-macos-arm64 | 0.0.9 | 24.00 | OK | |||
r-release-macos-x86_64 | 0.0.9 | 52.00 | OK | |||
r-release-windows-x86_64 | 0.0.9 | 6.00 | 55.00 | 61.00 | OK | |
r-oldrel-macos-arm64 | 0.0.9 | 28.00 | OK | |||
r-oldrel-macos-x86_64 | 0.0.9 | 44.00 | OK | |||
r-oldrel-windows-x86_64 | 0.0.9 | 8.00 | 59.00 | 67.00 | OK |
Version: 0.0.9
Check: data for non-ASCII characters
Result: NOTE
Note: found 1904 marked UTF-8 strings
Flavors: r-devel-linux-x86_64-fedora-clang, r-devel-linux-x86_64-fedora-gcc