Last updated on 2024-05-04 09:49:29 CEST.
Flavor | Version | Tinstall | Tcheck | Ttotal | Status | Flags |
---|---|---|---|---|---|---|
r-devel-linux-x86_64-debian-clang | 4.2.1 | 28.60 | 223.76 | 252.36 | OK | |
r-devel-linux-x86_64-debian-gcc | 4.2.1 | 23.91 | 160.44 | 184.35 | OK | |
r-devel-linux-x86_64-fedora-clang | 4.2.1 | 321.60 | NOTE | |||
r-devel-linux-x86_64-fedora-gcc | 4.2.1 | 265.07 | OK | |||
r-devel-windows-x86_64 | 4.2.1 | 26.00 | 185.00 | 211.00 | OK | |
r-patched-linux-x86_64 | 4.2.1 | 37.15 | 213.19 | 250.34 | OK | |
r-release-linux-x86_64 | 4.2.0 | 17.07 | 213.34 | 230.41 | OK | |
r-release-macos-arm64 | 4.2.1 | 80.00 | OK | |||
r-release-macos-x86_64 | 4.2.1 | 245.00 | OK | |||
r-release-windows-x86_64 | 4.2.1 | 25.00 | 179.00 | 204.00 | OK | |
r-oldrel-macos-arm64 | 4.2.1 | 87.00 | OK | |||
r-oldrel-macos-x86_64 | 4.2.1 | 181.00 | OK | |||
r-oldrel-windows-x86_64 | 4.2.1 | 32.00 | 221.00 | 253.00 | OK |
Version: 4.2.1
Check: package dependencies
Result: NOTE
Imports includes 23 non-default packages.
Importing from so many packages makes the package vulnerable to any of
them becoming unavailable. Move as many as possible to Suggests and
use conditionally.
Flavor: r-devel-linux-x86_64-fedora-clang