Last updated on 2024-05-04 17:52:41 CEST.
Flavor | Version | Tinstall | Tcheck | Ttotal | Status | Flags |
---|---|---|---|---|---|---|
r-devel-linux-x86_64-debian-clang | 1.1.0 | 151.22 | 331.46 | 482.68 | OK | |
r-devel-linux-x86_64-debian-gcc | 1.1.0 | 117.34 | 270.38 | 387.72 | OK | |
r-devel-linux-x86_64-fedora-clang | 1.1.0 | 650.38 | OK | |||
r-devel-linux-x86_64-fedora-gcc | 1.1.0 | 685.13 | OK | |||
r-devel-windows-x86_64 | 1.1.0 | 120.00 | 304.00 | 424.00 | OK | |
r-patched-linux-x86_64 | 1.1.0 | 139.26 | 335.99 | 475.25 | OK | |
r-release-linux-x86_64 | 1.1.0 | 147.02 | 328.58 | 475.60 | OK | |
r-release-macos-arm64 | 1.1.0 | 149.00 | NOTE | |||
r-release-macos-x86_64 | 1.1.0 | 355.00 | NOTE | |||
r-release-windows-x86_64 | 1.1.0 | 117.00 | 297.00 | 414.00 | OK | |
r-oldrel-macos-arm64 | 1.1.0 | 166.00 | NOTE | |||
r-oldrel-macos-x86_64 | 1.1.0 | 336.00 | NOTE | |||
r-oldrel-windows-x86_64 | 1.1.0 | 146.00 | 400.00 | 546.00 | OK |
Version: 1.1.0
Check: installed package size
Result: NOTE
installed size is 6.2Mb
sub-directories of 1Mb or more:
libs 5.8Mb
Flavors: r-release-macos-arm64, r-release-macos-x86_64, r-oldrel-macos-arm64, r-oldrel-macos-x86_64