Last updated on 2024-05-04 09:49:29 CEST.
Flavor | Version | Tinstall | Tcheck | Ttotal | Status | Flags |
---|---|---|---|---|---|---|
r-devel-linux-x86_64-debian-clang | 1.12.2 | 303.87 | 271.73 | 575.60 | NOTE | |
r-devel-linux-x86_64-debian-gcc | 1.12.2 | 233.68 | 205.01 | 438.69 | NOTE | |
r-devel-linux-x86_64-fedora-clang | 1.12.2 | 800.29 | NOTE | |||
r-devel-linux-x86_64-fedora-gcc | 1.12.2 | 673.10 | NOTE | |||
r-devel-windows-x86_64 | 1.12.2 | 293.00 | 242.00 | 535.00 | NOTE | |
r-patched-linux-x86_64 | 1.12.2 | 293.96 | 260.54 | 554.50 | NOTE | |
r-release-linux-x86_64 | 1.12.2 | 202.17 | 266.99 | 469.16 | NOTE | |
r-release-macos-arm64 | 1.12.2 | 182.00 | NOTE | |||
r-release-windows-x86_64 | 1.12.2 | 274.00 | 238.00 | 512.00 | NOTE | |
r-oldrel-macos-arm64 | 1.12.2 | 206.00 | NOTE | |||
r-oldrel-macos-x86_64 | 1.12.2 | 327.00 | NOTE | |||
r-oldrel-windows-x86_64 | 1.12.2 | 349.00 | 321.00 | 670.00 | OK |
Version: 1.12.2
Check: HTML version of manual
Result: NOTE
Found the following HTML validation problems:
snp_ldsc.html:134:1 (snp_ldsc.Rd:74): Warning: trimming empty <dt>
Flavors: r-devel-linux-x86_64-debian-clang, r-devel-linux-x86_64-debian-gcc, r-devel-linux-x86_64-fedora-clang, r-devel-linux-x86_64-fedora-gcc, r-devel-windows-x86_64, r-patched-linux-x86_64, r-release-linux-x86_64, r-release-windows-x86_64
Version: 1.12.2
Check: installed package size
Result: NOTE
installed size is 8.9Mb
sub-directories of 1Mb or more:
libs 7.4Mb
Flavors: r-release-macos-arm64, r-oldrel-macos-arm64, r-oldrel-macos-x86_64
Version: 1.12.2
Check: package dependencies
Result: NOTE
Package suggested but not available for checking: ‘gaston’
Flavor: r-oldrel-macos-x86_64