Last updated on 2024-05-04 13:49:00 CEST.
Flavor | Version | Tinstall | Tcheck | Ttotal | Status | Flags |
---|---|---|---|---|---|---|
r-devel-linux-x86_64-debian-clang | 1.3.1 | 107.17 | 197.48 | 304.65 | OK | |
r-devel-linux-x86_64-debian-gcc | 1.3.1 | 72.52 | 134.68 | 207.20 | OK | |
r-devel-linux-x86_64-fedora-clang | 1.3.1 | 378.69 | OK | |||
r-devel-linux-x86_64-fedora-gcc | 1.3.1 | 369.79 | OK | |||
r-devel-windows-x86_64 | 1.3.1 | 77.00 | 166.00 | 243.00 | OK | |
r-patched-linux-x86_64 | 1.3.1 | 88.80 | 184.71 | 273.51 | OK | |
r-release-linux-x86_64 | 1.3.1 | 81.82 | 182.25 | 264.07 | OK | |
r-release-macos-arm64 | 1.3.1 | 87.00 | NOTE | |||
r-release-windows-x86_64 | 1.3.1 | 73.00 | 164.00 | 237.00 | OK | |
r-oldrel-macos-arm64 | 1.3.1 | 86.00 | NOTE | |||
r-oldrel-macos-x86_64 | 1.3.1 | 241.00 | NOTE | |||
r-oldrel-windows-x86_64 | 1.3.1 | 89.00 | 210.00 | 299.00 | OK |
Version: 1.3.1
Check: installed package size
Result: NOTE
installed size is 5.7Mb
sub-directories of 1Mb or more:
libs 4.6Mb
Flavors: r-release-macos-arm64, r-oldrel-macos-arm64, r-oldrel-macos-x86_64