Last updated on 2024-05-04 17:52:41 CEST.
Flavor | Version | Tinstall | Tcheck | Ttotal | Status | Flags |
---|---|---|---|---|---|---|
r-devel-linux-x86_64-debian-clang | 1.0.7 | 0.86 | 2.52 | 3.38 | ERROR | |
r-devel-linux-x86_64-debian-gcc | 1.0.7 | 21.50 | 201.90 | 223.40 | OK | |
r-devel-linux-x86_64-fedora-clang | 1.0.7 | 414.32 | OK | |||
r-devel-linux-x86_64-fedora-gcc | 1.0.7 | 376.83 | OK | |||
r-devel-windows-x86_64 | 1.0.7 | 27.00 | 224.00 | 251.00 | OK | |
r-patched-linux-x86_64 | 1.0.7 | 18.28 | 261.08 | 279.36 | OK | |
r-release-linux-x86_64 | 1.0.7 | 18.21 | 263.88 | 282.09 | OK | |
r-release-macos-arm64 | 1.0.7 | 102.00 | OK | |||
r-release-macos-x86_64 | 1.0.7 | 199.00 | OK | |||
r-release-windows-x86_64 | 1.0.7 | 25.00 | 224.00 | 249.00 | OK | |
r-oldrel-macos-arm64 | 1.0.7 | 117.00 | OK | |||
r-oldrel-macos-x86_64 | 1.0.7 | 294.00 | OK | |||
r-oldrel-windows-x86_64 | 1.0.7 | 35.00 | 285.00 | 320.00 | OK |
Version: 1.0.7
Check: package dependencies
Result: ERROR
Package required but not available: ‘biomaRt’
See section ‘The DESCRIPTION file’ in the ‘Writing R Extensions’
manual.
Flavor: r-devel-linux-x86_64-debian-clang