Last updated on 2024-05-04 13:49:00 CEST.
Flavor | Version | Tinstall | Tcheck | Ttotal | Status | Flags |
---|---|---|---|---|---|---|
r-devel-linux-x86_64-debian-clang | 4.2 | 4.35 | 58.00 | 62.35 | NOTE | |
r-devel-linux-x86_64-debian-gcc | 4.2 | 3.88 | 42.94 | 46.82 | NOTE | |
r-devel-linux-x86_64-fedora-clang | 4.2 | 78.61 | NOTE | |||
r-devel-linux-x86_64-fedora-gcc | 4.2 | 87.38 | NOTE | |||
r-devel-windows-x86_64 | 4.2 | 6.00 | 65.00 | 71.00 | NOTE | |
r-patched-linux-x86_64 | 4.2 | 4.59 | 54.20 | 58.79 | NOTE | |
r-release-linux-x86_64 | 4.2 | 3.75 | 54.19 | 57.94 | NOTE | |
r-release-macos-arm64 | 4.2 | 31.00 | NOTE | |||
r-release-windows-x86_64 | 4.2 | 5.00 | 65.00 | 70.00 | NOTE | |
r-oldrel-macos-arm64 | 4.2 | 31.00 | NOTE | |||
r-oldrel-macos-x86_64 | 4.2 | 50.00 | NOTE | |||
r-oldrel-windows-x86_64 | 4.2 | 6.00 | 114.00 | 120.00 | NOTE |
Version: 4.2
Check: Rd files
Result: NOTE
checkRd: (-1) tocher.Rd:13: Escaped LaTeX specials: \&
Flavors: r-devel-linux-x86_64-debian-clang, r-devel-linux-x86_64-debian-gcc, r-devel-linux-x86_64-fedora-clang, r-devel-linux-x86_64-fedora-gcc, r-devel-windows-x86_64, r-patched-linux-x86_64, r-release-linux-x86_64, r-release-macos-arm64, r-release-windows-x86_64, r-oldrel-macos-arm64, r-oldrel-macos-x86_64, r-oldrel-windows-x86_64