Last updated on 2024-05-04 09:49:30 CEST.
Flavor | Version | Tinstall | Tcheck | Ttotal | Status | Flags |
---|---|---|---|---|---|---|
r-devel-linux-x86_64-debian-clang | 0.7.9 | 637.62 | 679.92 | 1317.54 | NOTE | |
r-devel-linux-x86_64-debian-gcc | 0.7.9 | 562.58 | 528.22 | 1090.80 | NOTE | |
r-devel-linux-x86_64-fedora-clang | 0.7.9 | 1732.09 | NOTE | |||
r-devel-linux-x86_64-fedora-gcc | 0.7.9 | 1975.44 | NOTE | |||
r-devel-windows-x86_64 | 0.7.9 | 470.00 | 470.00 | 940.00 | NOTE | |
r-patched-linux-x86_64 | 0.7.9 | 710.45 | 687.77 | 1398.22 | NOTE | |
r-release-linux-x86_64 | 0.7.9 | 644.14 | 699.80 | 1343.94 | NOTE | |
r-release-macos-arm64 | 0.7.9 | 388.00 | NOTE | |||
r-release-windows-x86_64 | 0.7.9 | 445.00 | 463.00 | 908.00 | NOTE | |
r-oldrel-macos-arm64 | 0.7.9 | 265.00 | NOTE | |||
r-oldrel-macos-x86_64 | 0.7.9 | 354.00 | NOTE | |||
r-oldrel-windows-x86_64 | 0.7.9 | 550.00 | 668.00 | 1218.00 | NOTE |
Version: 0.7.9
Check: package dependencies
Result: NOTE
Package suggested but not available for checking: ‘INLA’
Flavors: r-devel-linux-x86_64-debian-clang, r-devel-linux-x86_64-debian-gcc, r-patched-linux-x86_64, r-release-linux-x86_64, r-release-macos-arm64, r-oldrel-macos-arm64, r-oldrel-macos-x86_64, r-oldrel-windows-x86_64
Version: 0.7.9
Check: for GNU extensions in Makefiles
Result: NOTE
GNU make is a SystemRequirements.
Flavors: r-devel-linux-x86_64-debian-clang, r-devel-linux-x86_64-debian-gcc, r-devel-linux-x86_64-fedora-clang, r-devel-linux-x86_64-fedora-gcc, r-devel-windows-x86_64, r-patched-linux-x86_64, r-release-linux-x86_64, r-release-macos-arm64, r-release-windows-x86_64, r-oldrel-macos-arm64, r-oldrel-macos-x86_64, r-oldrel-windows-x86_64
Version: 0.7.9
Check: installed package size
Result: NOTE
installed size is 9.2Mb
sub-directories of 1Mb or more:
libs 5.9Mb
Flavors: r-devel-linux-x86_64-fedora-clang, r-devel-windows-x86_64, r-release-macos-arm64, r-release-windows-x86_64, r-oldrel-macos-arm64, r-oldrel-macos-x86_64, r-oldrel-windows-x86_64