Last updated on 2024-05-04 05:50:16 CEST.
Flavor | Version | Tinstall | Tcheck | Ttotal | Status | Flags |
---|---|---|---|---|---|---|
r-devel-linux-x86_64-debian-clang | 1.3.2 | 3.54 | 56.58 | 60.12 | NOTE | |
r-devel-linux-x86_64-fedora-clang | 1.3.2 | 76.59 | NOTE | |||
r-devel-linux-x86_64-fedora-gcc | 1.3.2 | 87.71 | NOTE | |||
r-devel-windows-x86_64 | 1.3.2 | 4.00 | 75.00 | 79.00 | NOTE | |
r-patched-linux-x86_64 | 1.3.2 | 3.49 | 54.15 | 57.64 | NOTE | |
r-release-linux-x86_64 | 1.3.2 | 4.20 | 56.06 | 60.26 | NOTE | |
r-release-macos-arm64 | 1.3.2 | 32.00 | NOTE | |||
r-release-windows-x86_64 | 1.3.2 | 5.00 | 75.00 | 80.00 | NOTE | |
r-oldrel-macos-arm64 | 1.3.2 | 36.00 | OK | |||
r-oldrel-macos-x86_64 | 1.3.2 | 44.00 | OK | |||
r-oldrel-windows-x86_64 | 1.3.2 | 4.00 | 75.00 | 79.00 | OK |
Version: 1.3.2
Check: Rd files
Result: NOTE
checkRd: (-1) Extractor.Rd:13: Lost braces in \itemize; meant \describe ?
checkRd: (-1) Extractor.Rd:14: Lost braces in \itemize; meant \describe ?
checkRd: (-1) Extractor.Rd:15: Lost braces in \itemize; meant \describe ?
checkRd: (-1) Extractor.Rd:16: Lost braces in \itemize; meant \describe ?
checkRd: (-1) Extractor.Rd:17: Lost braces in \itemize; meant \describe ?
checkRd: (-1) Extractor.Rd:18: Lost braces in \itemize; meant \describe ?
checkRd: (-1) Extractor.Rd:19: Lost braces in \itemize; meant \describe ?
Flavors: r-devel-linux-x86_64-debian-clang, r-devel-linux-x86_64-fedora-clang, r-devel-linux-x86_64-fedora-gcc, r-devel-windows-x86_64, r-patched-linux-x86_64, r-release-linux-x86_64, r-release-macos-arm64, r-release-windows-x86_64