Last updated on 2024-05-04 13:49:01 CEST.
Flavor | Version | Tinstall | Tcheck | Ttotal | Status | Flags |
---|---|---|---|---|---|---|
r-devel-linux-x86_64-debian-clang | 1.0.0 | 221.73 | 44.28 | 266.01 | OK | |
r-devel-linux-x86_64-debian-gcc | 1.0.0 | 190.62 | 46.15 | 236.77 | OK | |
r-devel-linux-x86_64-fedora-clang | 1.0.0 | 376.88 | OK | |||
r-devel-linux-x86_64-fedora-gcc | 1.0.0 | 434.13 | OK | |||
r-devel-windows-x86_64 | 1.0.0 | 168.00 | 86.00 | 254.00 | OK | |
r-patched-linux-x86_64 | 1.0.0 | 231.71 | 58.54 | 290.25 | OK | |
r-release-linux-x86_64 | 1.0.0 | 235.31 | 59.33 | 294.64 | OK | |
r-release-macos-arm64 | 1.0.0 | 70.00 | NOTE | |||
r-release-windows-x86_64 | 1.0.0 | 166.00 | 79.00 | 245.00 | OK | |
r-oldrel-macos-arm64 | 1.0.0 | 77.00 | NOTE | |||
r-oldrel-macos-x86_64 | 1.0.0 | 79.00 | NOTE | |||
r-oldrel-windows-x86_64 | 1.0.0 | 205.00 | 96.00 | 301.00 | OK |
Version: 1.0.0
Check: installed package size
Result: NOTE
installed size is 13.1Mb
sub-directories of 1Mb or more:
libs 12.2Mb
Flavors: r-release-macos-arm64, r-oldrel-macos-arm64, r-oldrel-macos-x86_64