Last updated on 2024-05-04 13:49:01 CEST.
Flavor | Version | Tinstall | Tcheck | Ttotal | Status | Flags |
---|---|---|---|---|---|---|
r-devel-linux-x86_64-debian-clang | 1.1.5 | 9.37 | 84.99 | 94.36 | OK | |
r-devel-linux-x86_64-debian-gcc | 1.1.5 | 6.38 | 63.38 | 69.76 | OK | |
r-devel-linux-x86_64-fedora-clang | 1.1.5 | 120.24 | NOTE | |||
r-devel-linux-x86_64-fedora-gcc | 1.1.5 | 125.69 | NOTE | |||
r-devel-windows-x86_64 | 1.1.5 | 8.00 | 81.00 | 89.00 | OK | |
r-patched-linux-x86_64 | 1.1.5 | 8.27 | 81.32 | 89.59 | OK | |
r-release-linux-x86_64 | 1.1.5 | 6.74 | 80.12 | 86.86 | OK | |
r-release-macos-arm64 | 1.1.5 | 41.00 | OK | |||
r-release-windows-x86_64 | 1.1.5 | 8.00 | 80.00 | 88.00 | OK | |
r-oldrel-macos-arm64 | 1.1.5 | 45.00 | OK | |||
r-oldrel-macos-x86_64 | 1.1.5 | 73.00 | OK | |||
r-oldrel-windows-x86_64 | 1.1.5 | 10.00 | 95.00 | 105.00 | OK |
Version: 1.1.5
Check: dependencies in R code
Result: NOTE
Namespaces in Imports field not imported from:
‘HSAUR3’ ‘knitr’ ‘rmarkdown’
All declared Imports should be used.
Flavors: r-devel-linux-x86_64-fedora-clang, r-devel-linux-x86_64-fedora-gcc