Last updated on 2024-05-04 13:49:01 CEST.
Flavor | Version | Tinstall | Tcheck | Ttotal | Status | Flags |
---|---|---|---|---|---|---|
r-devel-linux-x86_64-debian-clang | 0.3.6 | 9.24 | 76.90 | 86.14 | OK | |
r-devel-linux-x86_64-debian-gcc | 0.3.6 | 5.77 | 55.96 | 61.73 | OK | |
r-devel-linux-x86_64-fedora-clang | 0.3.6 | 110.51 | NOTE | |||
r-devel-linux-x86_64-fedora-gcc | 0.3.6 | 109.21 | OK | |||
r-devel-windows-x86_64 | 0.3.6 | 8.00 | 87.00 | 95.00 | OK | |
r-patched-linux-x86_64 | 0.3.6 | 14.07 | 71.90 | 85.97 | OK | |
r-release-linux-x86_64 | 0.3.6 | 5.84 | 72.25 | 78.09 | OK | |
r-release-macos-arm64 | 0.3.6 | 42.00 | OK | |||
r-release-windows-x86_64 | 0.3.6 | 8.00 | 84.00 | 92.00 | OK | |
r-oldrel-macos-arm64 | 0.3.6 | 43.00 | OK | |||
r-oldrel-macos-x86_64 | 0.3.6 | 65.00 | OK | |||
r-oldrel-windows-x86_64 | 0.3.6 | 10.00 | 91.00 | 101.00 | OK |
Version: 0.3.6
Check: Rd cross-references
Result: NOTE
Undeclared packages ‘data.table’, ‘readxl’, ‘openxlsx’ in Rd xrefs
Flavor: r-devel-linux-x86_64-fedora-clang