Last updated on 2024-05-04 13:49:01 CEST.
Flavor | Version | Tinstall | Tcheck | Ttotal | Status | Flags |
---|---|---|---|---|---|---|
r-devel-linux-x86_64-debian-clang | 0.3.0 | 44.08 | 263.82 | 307.90 | OK | |
r-devel-linux-x86_64-debian-gcc | 0.3.0 | 37.73 | 178.47 | 216.20 | OK | |
r-devel-linux-x86_64-fedora-clang | 0.3.0 | 378.52 | OK | |||
r-devel-linux-x86_64-fedora-gcc | 0.3.0 | 365.66 | OK | |||
r-devel-windows-x86_64 | 0.3.0 | 38.00 | 170.00 | 208.00 | OK | |
r-patched-linux-x86_64 | 0.3.0 | 37.81 | 246.72 | 284.53 | OK | |
r-release-linux-x86_64 | 0.3.0 | 39.58 | 253.38 | 292.96 | OK | |
r-release-macos-arm64 | 0.3.0 | 118.00 | OK | |||
r-release-windows-x86_64 | 0.3.0 | 38.00 | 167.00 | 205.00 | OK | |
r-oldrel-macos-arm64 | 0.3.0 | 138.00 | NOTE | |||
r-oldrel-macos-x86_64 | 0.3.0 | 203.00 | OK | |||
r-oldrel-windows-x86_64 | 0.3.0 | 49.00 | 217.00 | 266.00 | OK |
Version: 0.3.0
Check: installed package size
Result: NOTE
installed size is 5.1Mb
sub-directories of 1Mb or more:
data 4.9Mb
Flavor: r-oldrel-macos-arm64