Last updated on 2024-05-04 09:49:30 CEST.
Flavor | Version | Tinstall | Tcheck | Ttotal | Status | Flags |
---|---|---|---|---|---|---|
r-devel-linux-x86_64-debian-clang | 1.0.0 | 21.56 | 191.52 | 213.08 | OK | |
r-devel-linux-x86_64-debian-gcc | 1.0.0 | 15.24 | 135.35 | 150.59 | OK | |
r-devel-linux-x86_64-fedora-clang | 1.0.0 | 258.87 | NOTE | |||
r-devel-linux-x86_64-fedora-gcc | 1.0.0 | 244.36 | OK | |||
r-devel-windows-x86_64 | 1.0.0 | 17.00 | 137.00 | 154.00 | OK | |
r-patched-linux-x86_64 | 1.0.0 | 13.52 | 174.35 | 187.87 | OK | |
r-release-linux-x86_64 | 1.0.0 | 16.55 | 178.37 | 194.92 | OK | |
r-release-macos-arm64 | 1.0.0 | 66.00 | OK | |||
r-release-macos-x86_64 | 1.0.0 | 116.00 | OK | |||
r-release-windows-x86_64 | 1.0.0 | 17.00 | 139.00 | 156.00 | OK | |
r-oldrel-macos-arm64 | 1.0.0 | 70.00 | OK | |||
r-oldrel-macos-x86_64 | 1.0.0 | 122.00 | OK | |||
r-oldrel-windows-x86_64 | 1.0.0 | 25.00 | 188.00 | 213.00 | OK |
Version: 1.0.0
Check: package dependencies
Result: NOTE
Imports includes 23 non-default packages.
Importing from so many packages makes the package vulnerable to any of
them becoming unavailable. Move as many as possible to Suggests and
use conditionally.
Flavor: r-devel-linux-x86_64-fedora-clang