Last updated on 2024-05-04 09:49:30 CEST.
Flavor | Version | Tinstall | Tcheck | Ttotal | Status | Flags |
---|---|---|---|---|---|---|
r-devel-linux-x86_64-debian-clang | 2.1.0 | 255.57 | 104.08 | 359.65 | OK | |
r-devel-linux-x86_64-debian-gcc | 2.1.0 | 204.19 | 82.95 | 287.14 | OK | |
r-devel-linux-x86_64-fedora-clang | 2.1.0 | 520.04 | OK | |||
r-devel-linux-x86_64-fedora-gcc | 2.1.0 | 537.27 | OK | |||
r-devel-windows-x86_64 | 2.1.0 | 194.00 | 161.00 | 355.00 | OK | |
r-patched-linux-x86_64 | 2.1.0 | 254.30 | 106.64 | 360.94 | OK | |
r-release-linux-x86_64 | 2.1.0 | 233.55 | 104.26 | 337.81 | OK | |
r-release-macos-arm64 | 2.1.0 | 131.00 | NOTE | |||
r-release-windows-x86_64 | 2.1.0 | 193.00 | 155.00 | 348.00 | OK | |
r-oldrel-macos-arm64 | 2.1.0 | 141.00 | NOTE | |||
r-oldrel-macos-x86_64 | 2.1.0 | 216.00 | NOTE | |||
r-oldrel-windows-x86_64 | 2.1.0 | 245.00 | 165.00 | 410.00 | OK |
Version: 2.1.0
Check: installed package size
Result: NOTE
installed size is 12.1Mb
sub-directories of 1Mb or more:
libs 11.0Mb
Flavors: r-release-macos-arm64, r-oldrel-macos-arm64, r-oldrel-macos-x86_64