Last updated on 2024-05-04 09:49:30 CEST.
Flavor | Version | Tinstall | Tcheck | Ttotal | Status | Flags |
---|---|---|---|---|---|---|
r-devel-linux-x86_64-debian-clang | 1.10.12 | 18.19 | 199.53 | 217.72 | OK | |
r-devel-linux-x86_64-debian-gcc | 1.10.12 | 14.56 | 143.38 | 157.94 | OK | |
r-devel-linux-x86_64-fedora-clang | 1.10.12 | 269.79 | NOTE | |||
r-devel-linux-x86_64-fedora-gcc | 1.10.12 | 258.50 | NOTE | |||
r-devel-windows-x86_64 | 1.10.12 | 19.00 | 153.00 | 172.00 | OK | |
r-patched-linux-x86_64 | 1.10.12 | 20.95 | 185.92 | 206.87 | OK | |
r-release-linux-x86_64 | 1.10.12 | 20.78 | 187.90 | 208.68 | OK | |
r-release-macos-arm64 | 1.10.12 | 71.00 | OK | |||
r-release-macos-x86_64 | 1.10.12 | 230.00 | OK | |||
r-release-windows-x86_64 | 1.10.12 | 18.00 | 155.00 | 173.00 | OK | |
r-oldrel-macos-arm64 | 1.10.12 | 76.00 | OK | |||
r-oldrel-macos-x86_64 | 1.10.12 | 185.00 | OK | |||
r-oldrel-windows-x86_64 | 1.10.12 | 24.00 | 193.00 | 217.00 | OK |
Version: 1.10.12
Check: data for non-ASCII characters
Result: NOTE
Note: found 89 marked UTF-8 strings
Flavors: r-devel-linux-x86_64-fedora-clang, r-devel-linux-x86_64-fedora-gcc