Last updated on 2024-05-04 09:49:30 CEST.
Flavor | Version | Tinstall | Tcheck | Ttotal | Status | Flags |
---|---|---|---|---|---|---|
r-devel-linux-x86_64-debian-clang | 0.2.4 | 502.75 | 271.12 | 773.87 | OK | |
r-devel-linux-x86_64-debian-gcc | 0.2.4 | 398.73 | 198.61 | 597.34 | OK | |
r-devel-linux-x86_64-fedora-clang | 0.2.4 | 1010.55 | OK | |||
r-devel-linux-x86_64-fedora-gcc | 0.2.4 | 1097.24 | OK | |||
r-devel-windows-x86_64 | 0.2.4 | 367.00 | 234.00 | 601.00 | OK | |
r-patched-linux-x86_64 | 0.2.4 | 490.34 | 255.42 | 745.76 | OK | |
r-release-linux-x86_64 | 0.2.4 | 469.99 | 252.37 | 722.36 | OK | |
r-release-macos-arm64 | 0.2.4 | 229.00 | NOTE | |||
r-release-windows-x86_64 | 0.2.4 | 359.00 | 235.00 | 594.00 | OK | |
r-oldrel-macos-arm64 | 0.2.4 | 235.00 | NOTE | |||
r-oldrel-macos-x86_64 | 0.2.4 | 358.00 | NOTE | |||
r-oldrel-windows-x86_64 | 0.2.4 | 434.00 | 287.00 | 721.00 | OK |
Version: 0.2.4
Check: installed package size
Result: NOTE
installed size is 22.4Mb
sub-directories of 1Mb or more:
libs 20.9Mb
Flavors: r-release-macos-arm64, r-oldrel-macos-arm64, r-oldrel-macos-x86_64