Last updated on 2024-05-04 13:49:02 CEST.
Flavor | Version | Tinstall | Tcheck | Ttotal | Status | Flags |
---|---|---|---|---|---|---|
r-devel-linux-x86_64-debian-clang | 1.3.2 | 84.72 | 420.81 | 505.53 | NOTE | |
r-devel-linux-x86_64-debian-gcc | 1.3.2 | 65.59 | 294.00 | 359.59 | NOTE | |
r-devel-linux-x86_64-fedora-clang | 1.3.2 | 645.90 | NOTE | |||
r-devel-linux-x86_64-fedora-gcc | 1.3.2 | 624.55 | NOTE | |||
r-devel-windows-x86_64 | 1.3.2 | 69.00 | 380.00 | 449.00 | NOTE | |
r-patched-linux-x86_64 | 1.3.2 | 84.93 | 389.50 | 474.43 | NOTE | |
r-release-linux-x86_64 | 1.3.2 | 82.71 | 391.62 | 474.33 | NOTE | |
r-release-macos-arm64 | 1.3.2 | 243.00 | NOTE | |||
r-release-windows-x86_64 | 1.3.2 | 67.00 | 377.00 | 444.00 | NOTE | |
r-oldrel-macos-arm64 | 1.3.2 | 239.00 | NOTE | |||
r-oldrel-macos-x86_64 | 1.3.2 | 367.00 | NOTE | |||
r-oldrel-windows-x86_64 | 1.3.2 | 81.00 | 411.00 | 492.00 | NOTE |
Version: 1.3.2
Check: C++ specification
Result: NOTE
Specified C++11: please drop specification unless essential
Flavors: r-devel-linux-x86_64-debian-clang, r-devel-linux-x86_64-debian-gcc, r-devel-linux-x86_64-fedora-clang, r-devel-linux-x86_64-fedora-gcc, r-devel-windows-x86_64, r-patched-linux-x86_64, r-release-linux-x86_64, r-release-macos-arm64, r-release-windows-x86_64, r-oldrel-macos-arm64, r-oldrel-macos-x86_64, r-oldrel-windows-x86_64
Version: 1.3.2
Check: installed package size
Result: NOTE
installed size is 5.2Mb
sub-directories of 1Mb or more:
libs 4.9Mb
Flavor: r-oldrel-macos-arm64