Last updated on 2024-05-04 09:49:30 CEST.
Flavor | Version | Tinstall | Tcheck | Ttotal | Status | Flags |
---|---|---|---|---|---|---|
r-devel-linux-x86_64-debian-clang | 0.14.0 | 14.68 | 143.32 | 158.00 | OK | |
r-devel-linux-x86_64-debian-gcc | 0.14.0 | 13.09 | 108.22 | 121.31 | OK | |
r-devel-linux-x86_64-fedora-clang | 0.14.0 | 199.34 | NOTE | |||
r-devel-linux-x86_64-fedora-gcc | 0.14.0 | 187.69 | NOTE | |||
r-devel-windows-x86_64 | 0.14.0 | 15.00 | 116.00 | 131.00 | OK | |
r-patched-linux-x86_64 | 0.14.0 | 20.67 | 135.28 | 155.95 | OK | |
r-release-linux-x86_64 | 0.14.0 | 12.58 | 136.59 | 149.17 | OK | |
r-release-macos-arm64 | 0.14.0 | 58.00 | OK | |||
r-release-windows-x86_64 | 0.14.0 | 16.00 | 116.00 | 132.00 | OK | |
r-oldrel-macos-arm64 | 0.14.0 | 54.00 | OK | |||
r-oldrel-macos-x86_64 | 0.14.0 | 100.00 | OK | |||
r-oldrel-windows-x86_64 | 0.14.0 | 20.00 | 152.00 | 172.00 | OK |
Version: 0.14.0
Check: data for non-ASCII characters
Result: NOTE
Note: found 59 marked UTF-8 strings
Flavors: r-devel-linux-x86_64-fedora-clang, r-devel-linux-x86_64-fedora-gcc