Last updated on 2024-05-04 13:49:01 CEST.
Flavor | Version | Tinstall | Tcheck | Ttotal | Status | Flags |
---|---|---|---|---|---|---|
r-devel-linux-x86_64-debian-clang | 2.2.1 | 101.46 | 87.54 | 189.00 | OK | |
r-devel-linux-x86_64-debian-gcc | 2.2.1 | 72.47 | 63.27 | 135.74 | OK | |
r-devel-linux-x86_64-fedora-clang | 2.2.1 | 233.81 | OK | |||
r-devel-linux-x86_64-fedora-gcc | 2.2.1 | 243.98 | OK | |||
r-devel-windows-x86_64 | 2.2.1 | 75.00 | 105.00 | 180.00 | OK | |
r-patched-linux-x86_64 | 2.2.1 | 90.08 | 81.84 | 171.92 | OK | |
r-release-linux-x86_64 | 2.2.1 | 91.66 | 82.55 | 174.21 | OK | |
r-release-macos-arm64 | 2.2.1 | 58.00 | NOTE | |||
r-release-windows-x86_64 | 2.2.1 | 72.00 | 103.00 | 175.00 | OK | |
r-oldrel-macos-arm64 | 2.2.1 | 80.00 | NOTE | |||
r-oldrel-macos-x86_64 | 2.2.1 | 130.00 | NOTE | |||
r-oldrel-windows-x86_64 | 2.2.1 | 85.00 | 127.00 | 212.00 | OK |
Version: 2.2.1
Check: installed package size
Result: NOTE
installed size is 10.6Mb
sub-directories of 1Mb or more:
libs 10.2Mb
Flavors: r-release-macos-arm64, r-oldrel-macos-arm64, r-oldrel-macos-x86_64