Last updated on 2024-05-04 13:49:01 CEST.
Flavor | Version | Tinstall | Tcheck | Ttotal | Status | Flags |
---|---|---|---|---|---|---|
r-devel-linux-x86_64-debian-clang | 0.4.7 | 5.04 | 287.83 | 292.87 | OK | |
r-devel-linux-x86_64-debian-gcc | 0.4.7 | 4.85 | 210.50 | 215.35 | OK | |
r-devel-linux-x86_64-fedora-clang | 0.4.7 | 355.54 | OK | |||
r-devel-linux-x86_64-fedora-gcc | 0.4.7 | 360.17 | OK | |||
r-devel-windows-x86_64 | 0.4.7 | 5.00 | 225.00 | 230.00 | OK | |
r-patched-linux-x86_64 | 0.4.7 | 4.57 | 272.36 | 276.93 | OK | |
r-release-linux-x86_64 | 0.4.7 | 4.84 | 273.15 | 277.99 | OK | |
r-release-macos-arm64 | 0.4.7 | 109.00 | OK | |||
r-release-macos-x86_64 | 0.4.7 | 225.00 | OK | |||
r-release-windows-x86_64 | 0.4.7 | 6.00 | 219.00 | 225.00 | OK | |
r-oldrel-macos-arm64 | 0.4.7 | 116.00 | OK | |||
r-oldrel-macos-x86_64 | 0.4.7 | 346.00 | NOTE | |||
r-oldrel-windows-x86_64 | 0.4.7 | 7.00 | 281.00 | 288.00 | OK |
Version: 0.4.7
Check: installed package size
Result: NOTE
installed size is 5.5Mb
sub-directories of 1Mb or more:
data 3.1Mb
doc 2.1Mb
Flavor: r-oldrel-macos-x86_64