Last updated on 2024-05-04 13:49:01 CEST.
Flavor | Version | Tinstall | Tcheck | Ttotal | Status | Flags |
---|---|---|---|---|---|---|
r-devel-linux-x86_64-debian-clang | 1.0.2 | 4.45 | 44.07 | 48.52 | OK | |
r-devel-linux-x86_64-debian-gcc | 1.0.2 | 2.86 | 32.38 | 35.24 | OK | |
r-devel-linux-x86_64-fedora-clang | 1.0.2 | 60.07 | NOTE | |||
r-devel-linux-x86_64-fedora-gcc | 1.0.2 | 56.16 | NOTE | |||
r-devel-windows-x86_64 | 1.0.2 | 5.00 | 52.00 | 57.00 | OK | |
r-patched-linux-x86_64 | 1.0.2 | 4.41 | 42.16 | 46.57 | OK | |
r-release-linux-x86_64 | 1.0.2 | 4.58 | 43.80 | 48.38 | OK | |
r-release-macos-arm64 | 1.0.2 | 21.00 | OK | |||
r-release-windows-x86_64 | 1.0.2 | 4.00 | 50.00 | 54.00 | OK | |
r-oldrel-macos-arm64 | 1.0.2 | 20.00 | OK | |||
r-oldrel-macos-x86_64 | 1.0.2 | 30.00 | OK | |||
r-oldrel-windows-x86_64 | 1.0.2 | 6.00 | 56.00 | 62.00 | OK |
Version: 1.0.2
Check: dependencies in R code
Result: NOTE
Namespaces in Imports field not imported from:
‘epitools’ ‘forcats’ ‘purrr’
All declared Imports should be used.
Flavors: r-devel-linux-x86_64-fedora-clang, r-devel-linux-x86_64-fedora-gcc