Last updated on 2024-05-04 13:49:01 CEST.
Flavor | Version | Tinstall | Tcheck | Ttotal | Status | Flags |
---|---|---|---|---|---|---|
r-devel-linux-x86_64-debian-clang | 0.1.0 | 11.24 | 137.14 | 148.38 | OK | |
r-devel-linux-x86_64-debian-gcc | 0.1.0 | 12.17 | 96.73 | 108.90 | OK | |
r-devel-linux-x86_64-fedora-clang | 0.1.0 | 186.44 | NOTE | |||
r-devel-linux-x86_64-fedora-gcc | 0.1.0 | 186.16 | NOTE | |||
r-devel-windows-x86_64 | 0.1.0 | 13.00 | 106.00 | 119.00 | OK | |
r-patched-linux-x86_64 | 0.1.0 | 11.91 | 127.64 | 139.55 | OK | |
r-release-linux-x86_64 | 0.1.0 | 11.67 | 130.04 | 141.71 | OK | |
r-release-macos-arm64 | 0.1.0 | 59.00 | OK | |||
r-release-windows-x86_64 | 0.1.0 | 14.00 | 106.00 | 120.00 | OK | |
r-oldrel-macos-arm64 | 0.1.0 | 63.00 | OK | |||
r-oldrel-macos-x86_64 | 0.1.0 | 88.00 | OK | |||
r-oldrel-windows-x86_64 | 0.1.0 | 17.00 | 134.00 | 151.00 | OK |
Version: 0.1.0
Check: dependencies in R code
Result: NOTE
Namespaces in Imports field not imported from:
‘CBPS’ ‘spelling’
All declared Imports should be used.
Flavors: r-devel-linux-x86_64-fedora-clang, r-devel-linux-x86_64-fedora-gcc