Last updated on 2024-05-04 13:49:01 CEST.
Flavor | Version | Tinstall | Tcheck | Ttotal | Status | Flags |
---|---|---|---|---|---|---|
r-devel-linux-x86_64-debian-clang | 0.3.9 | 144.96 | 22.90 | 167.86 | OK | |
r-devel-linux-x86_64-debian-gcc | 0.3.9 | 109.32 | 17.59 | 126.91 | OK | |
r-devel-linux-x86_64-fedora-clang | 0.3.9 | 223.23 | OK | |||
r-devel-linux-x86_64-fedora-gcc | 0.3.9 | 220.19 | OK | |||
r-devel-windows-x86_64 | 0.3.9 | 78.00 | 53.00 | 131.00 | OK | |
r-patched-linux-x86_64 | 0.3.9 | 137.07 | 21.43 | 158.50 | OK | |
r-release-linux-x86_64 | 0.3.9 | 138.39 | 22.10 | 160.49 | OK | |
r-release-macos-arm64 | 0.3.9 | 44.00 | NOTE | |||
r-release-windows-x86_64 | 0.3.9 | 86.00 | 62.00 | 148.00 | OK | |
r-oldrel-macos-arm64 | 0.3.9 | 53.00 | NOTE | |||
r-oldrel-macos-x86_64 | 0.3.9 | 106.00 | NOTE | |||
r-oldrel-windows-x86_64 | 0.3.9 | 83.00 | 74.00 | 157.00 | OK |
Version: 0.3.9
Check: installed package size
Result: NOTE
installed size is 7.4Mb
sub-directories of 1Mb or more:
libs 7.3Mb
Flavors: r-release-macos-arm64, r-oldrel-macos-arm64, r-oldrel-macos-x86_64