Last updated on 2024-05-04 09:49:30 CEST.
Flavor | Version | Tinstall | Tcheck | Ttotal | Status | Flags |
---|---|---|---|---|---|---|
r-devel-linux-x86_64-debian-clang | 0.3-1 | 250.40 | 66.32 | 316.72 | OK | |
r-devel-linux-x86_64-debian-gcc | 0.3-1 | 206.83 | 47.17 | 254.00 | OK | |
r-devel-linux-x86_64-fedora-clang | 0.3-1 | 436.48 | OK | |||
r-devel-linux-x86_64-fedora-gcc | 0.3-1 | 480.87 | OK | |||
r-devel-windows-x86_64 | 0.3-1 | 191.00 | 95.00 | 286.00 | OK | |
r-patched-linux-x86_64 | 0.3-1 | 246.04 | 60.80 | 306.84 | OK | |
r-release-linux-x86_64 | 0.3-1 | 247.66 | 61.66 | 309.32 | OK | |
r-release-macos-arm64 | 0.3-1 | 79.00 | NOTE | |||
r-release-windows-x86_64 | 0.3-1 | 178.00 | 94.00 | 272.00 | OK | |
r-oldrel-macos-arm64 | 0.3-1 | 97.00 | NOTE | |||
r-oldrel-macos-x86_64 | 0.3-1 | 127.00 | NOTE | |||
r-oldrel-windows-x86_64 | 0.3-1 | 228.00 | 112.00 | 340.00 | OK |
Version: 0.3-1
Check: installed package size
Result: NOTE
installed size is 17.6Mb
sub-directories of 1Mb or more:
libs 17.3Mb
Flavors: r-release-macos-arm64, r-oldrel-macos-arm64, r-oldrel-macos-x86_64