Last updated on 2024-05-04 09:49:30 CEST.
Flavor | Version | Tinstall | Tcheck | Ttotal | Status | Flags |
---|---|---|---|---|---|---|
r-devel-linux-x86_64-debian-clang | 1.0.2 | 56.29 | 158.41 | 214.70 | OK | |
r-devel-linux-x86_64-debian-gcc | 1.0.2 | 47.98 | 118.85 | 166.83 | OK | |
r-devel-linux-x86_64-fedora-clang | 1.0.2 | 279.93 | OK | |||
r-devel-linux-x86_64-fedora-gcc | 1.0.2 | 289.40 | OK | |||
r-devel-windows-x86_64 | 1.0.2 | 51.00 | 131.00 | 182.00 | OK | |
r-patched-linux-x86_64 | 1.0.2 | 43.36 | 147.46 | 190.82 | OK | |
r-release-linux-x86_64 | 1.0.2 | 42.51 | 151.48 | 193.99 | OK | |
r-release-macos-arm64 | 1.0.2 | 112.00 | NOTE | |||
r-release-windows-x86_64 | 1.0.2 | 52.00 | 130.00 | 182.00 | OK | |
r-oldrel-macos-arm64 | 1.0.2 | 108.00 | NOTE | |||
r-oldrel-macos-x86_64 | 1.0.2 | 383.00 | NOTE | |||
r-oldrel-windows-x86_64 | 1.0.2 | 73.00 | 163.00 | 236.00 | OK |
Version: 1.0.2
Check: installed package size
Result: NOTE
installed size is 5.9Mb
sub-directories of 1Mb or more:
data 5.5Mb
Flavors: r-release-macos-arm64, r-oldrel-macos-arm64, r-oldrel-macos-x86_64