Last updated on 2024-05-04 09:49:30 CEST.
Flavor | Version | Tinstall | Tcheck | Ttotal | Status | Flags |
---|---|---|---|---|---|---|
r-devel-linux-x86_64-debian-clang | 1.2-2 | 6.80 | 60.08 | 66.88 | OK | |
r-devel-linux-x86_64-debian-gcc | 1.2-2 | 6.04 | 45.21 | 51.25 | OK | |
r-devel-linux-x86_64-fedora-clang | 1.2-2 | 83.20 | NOTE | |||
r-devel-linux-x86_64-fedora-gcc | 1.2-2 | 80.45 | OK | |||
r-devel-windows-x86_64 | 1.2-2 | 10.00 | 60.00 | 70.00 | OK | |
r-patched-linux-x86_64 | 1.2-2 | 7.97 | 57.46 | 65.43 | OK | |
r-release-linux-x86_64 | 1.2-2 | 6.12 | 57.82 | 63.94 | OK | |
r-release-macos-arm64 | 1.2-2 | 28.00 | OK | |||
r-release-windows-x86_64 | 1.2-2 | 9.00 | 59.00 | 68.00 | OK | |
r-oldrel-macos-arm64 | 1.2-2 | 30.00 | OK | |||
r-oldrel-macos-x86_64 | 1.2-2 | 63.00 | OK | |||
r-oldrel-windows-x86_64 | 1.2-2 | 9.00 | 69.00 | 78.00 | OK |
Version: 1.2-2
Check: Rd cross-references
Result: NOTE
Undeclared package ‘vegan’ in Rd xrefs
Flavor: r-devel-linux-x86_64-fedora-clang