Last updated on 2024-05-04 09:49:30 CEST.
Flavor | Version | Tinstall | Tcheck | Ttotal | Status | Flags |
---|---|---|---|---|---|---|
r-devel-linux-x86_64-debian-clang | 1.5 | 4.41 | 36.19 | 40.60 | NOTE | |
r-devel-linux-x86_64-debian-gcc | 1.5 | 3.31 | 28.18 | 31.49 | NOTE | |
r-devel-linux-x86_64-fedora-clang | 1.5 | 53.35 | NOTE | |||
r-devel-linux-x86_64-fedora-gcc | 1.5 | 64.11 | NOTE | |||
r-devel-windows-x86_64 | 1.5 | 6.00 | 48.00 | 54.00 | NOTE | |
r-patched-linux-x86_64 | 1.5 | 4.12 | 34.21 | 38.33 | NOTE | |
r-release-linux-x86_64 | 1.5 | 3.45 | 35.09 | 38.54 | NOTE | |
r-release-macos-arm64 | 1.5 | 26.00 | NOTE | |||
r-release-windows-x86_64 | 1.5 | 7.00 | 47.00 | 54.00 | NOTE | |
r-oldrel-macos-arm64 | 1.5 | 40.00 | OK | |||
r-oldrel-macos-x86_64 | 1.5 | 76.00 | OK | |||
r-oldrel-windows-x86_64 | 1.5 | 6.00 | 47.00 | 53.00 | OK |
Version: 1.5
Check: Rd files
Result: NOTE
checkRd: (-1) cequre.Rd:31: Lost braces; missing escapes or markup?
31 | {epsi}^{# regression coefficients} times the initial value,
| ^
checkRd: (-1) cequre.Rd:31: Lost braces; missing escapes or markup?
31 | {epsi}^{# regression coefficients} times the initial value,
| ^
Flavors: r-devel-linux-x86_64-debian-clang, r-devel-linux-x86_64-debian-gcc, r-devel-linux-x86_64-fedora-clang, r-devel-linux-x86_64-fedora-gcc, r-devel-windows-x86_64, r-patched-linux-x86_64, r-release-linux-x86_64, r-release-macos-arm64, r-release-windows-x86_64