Last updated on 2024-05-04 09:49:30 CEST.
Flavor | Version | Tinstall | Tcheck | Ttotal | Status | Flags |
---|---|---|---|---|---|---|
r-devel-linux-x86_64-debian-clang | 0.4.2 | 6.72 | 61.70 | 68.42 | NOTE | |
r-devel-linux-x86_64-debian-gcc | 0.4.2 | 5.26 | 47.38 | 52.64 | NOTE | |
r-devel-linux-x86_64-fedora-clang | 0.4.2 | 85.97 | NOTE | |||
r-devel-linux-x86_64-fedora-gcc | 0.4.2 | 87.12 | NOTE | |||
r-devel-windows-x86_64 | 0.4.2 | 8.00 | 70.00 | 78.00 | NOTE | |
r-patched-linux-x86_64 | 0.4.2 | 6.84 | 60.73 | 67.57 | NOTE | |
r-release-linux-x86_64 | 0.4.2 | 5.90 | 60.23 | 66.13 | NOTE | |
r-release-macos-arm64 | 0.4.2 | 34.00 | NOTE | |||
r-release-windows-x86_64 | 0.4.2 | 6.00 | 70.00 | 76.00 | NOTE | |
r-oldrel-macos-arm64 | 0.4.2 | 35.00 | NOTE | |||
r-oldrel-macos-x86_64 | 0.4.2 | 45.00 | NOTE | |||
r-oldrel-windows-x86_64 | 0.4.2 | 9.00 | 78.00 | 87.00 | NOTE |
Version: 0.4.2
Check: package subdirectories
Result: NOTE
Problems with news in ‘NEWS.md’:
Cannot extract version info from the following section titles:
Major refactoring of the code
Flavors: r-devel-linux-x86_64-debian-clang, r-devel-linux-x86_64-debian-gcc, r-devel-linux-x86_64-fedora-clang, r-devel-linux-x86_64-fedora-gcc, r-devel-windows-x86_64, r-patched-linux-x86_64, r-release-linux-x86_64, r-release-macos-arm64, r-release-windows-x86_64, r-oldrel-macos-arm64, r-oldrel-macos-x86_64, r-oldrel-windows-x86_64
Version: 0.4.2
Check: LazyData
Result: NOTE
'LazyData' is specified without a 'data' directory
Flavors: r-devel-linux-x86_64-debian-clang, r-devel-linux-x86_64-debian-gcc, r-devel-linux-x86_64-fedora-clang, r-devel-linux-x86_64-fedora-gcc, r-devel-windows-x86_64, r-patched-linux-x86_64, r-release-linux-x86_64, r-release-macos-arm64, r-release-windows-x86_64, r-oldrel-macos-arm64, r-oldrel-macos-x86_64, r-oldrel-windows-x86_64
Version: 0.4.2
Check: dependencies in R code
Result: NOTE
Namespace in Imports field not imported from: ‘knitr’
All declared Imports should be used.
Flavors: r-devel-linux-x86_64-fedora-clang, r-devel-linux-x86_64-fedora-gcc