Last updated on 2024-05-04 13:49:01 CEST.
Flavor | Version | Tinstall | Tcheck | Ttotal | Status | Flags |
---|---|---|---|---|---|---|
r-devel-linux-x86_64-debian-clang | 1.0.0 | 9.64 | 208.17 | 217.81 | NOTE | |
r-devel-linux-x86_64-debian-gcc | 1.0.0 | 6.77 | 159.34 | 166.11 | NOTE | |
r-devel-linux-x86_64-fedora-clang | 1.0.0 | 288.99 | NOTE | |||
r-devel-linux-x86_64-fedora-gcc | 1.0.0 | 302.29 | NOTE | |||
r-devel-windows-x86_64 | 1.0.0 | 9.00 | 167.00 | 176.00 | NOTE | |
r-patched-linux-x86_64 | 1.0.0 | 11.71 | 199.24 | 210.95 | NOTE | |
r-release-linux-x86_64 | 1.0.0 | 8.01 | 198.72 | 206.73 | NOTE | |
r-release-macos-arm64 | 1.0.0 | 78.00 | NOTE | |||
r-release-macos-x86_64 | 1.0.0 | 151.00 | OK | |||
r-release-windows-x86_64 | 1.0.0 | 9.00 | 162.00 | 171.00 | NOTE | |
r-oldrel-macos-arm64 | 1.0.0 | 13.00 | ERROR | |||
r-oldrel-macos-x86_64 | 1.0.0 | 8.00 | ERROR | |||
r-oldrel-windows-x86_64 | 1.0.0 | 10.00 | 203.00 | 213.00 | OK |
Version: 1.0.0
Check: Rd files
Result: NOTE
checkRd: (-1) calc_metrics.Rd:22-25: Lost braces in \itemize; meant \describe ?
checkRd: (-1) calc_metrics.Rd:26-29: Lost braces in \itemize; meant \describe ?
checkRd: (-1) calc_metrics.Rd:30-33: Lost braces in \itemize; meant \describe ?
checkRd: (-1) calc_metrics.Rd:34-37: Lost braces in \itemize; meant \describe ?
checkRd: (-1) calc_metrics.Rd:38-44: Lost braces in \itemize; meant \describe ?
checkRd: (-1) calc_metrics.Rd:45-48: Lost braces in \itemize; meant \describe ?
checkRd: (-1) calc_metrics.Rd:49-52: Lost braces in \itemize; meant \describe ?
checkRd: (-1) calc_metrics.Rd:53-55: Lost braces in \itemize; meant \describe ?
checkRd: (-1) calc_metrics.Rd:56-58: Lost braces in \itemize; meant \describe ?
checkRd: (-1) calc_metrics.Rd:59-61: Lost braces in \itemize; meant \describe ?
checkRd: (-1) calc_metrics.Rd:62-64: Lost braces in \itemize; meant \describe ?
Flavors: r-devel-linux-x86_64-debian-clang, r-devel-linux-x86_64-debian-gcc, r-devel-linux-x86_64-fedora-clang, r-devel-linux-x86_64-fedora-gcc, r-devel-windows-x86_64, r-patched-linux-x86_64, r-release-linux-x86_64, r-release-macos-arm64, r-release-windows-x86_64
Version: 1.0.0
Check: package dependencies
Result: ERROR
Package required but not available: ‘phyloseq’
See section ‘The DESCRIPTION file’ in the ‘Writing R Extensions’
manual.
Flavors: r-oldrel-macos-arm64, r-oldrel-macos-x86_64