Last updated on 2024-05-04 09:49:30 CEST.
Flavor | Version | Tinstall | Tcheck | Ttotal | Status | Flags |
---|---|---|---|---|---|---|
r-devel-linux-x86_64-debian-clang | 0.75 | 53.23 | 318.22 | 371.45 | OK | |
r-devel-linux-x86_64-debian-gcc | 0.75 | 35.80 | 226.42 | 262.22 | OK | |
r-devel-linux-x86_64-fedora-clang | 0.75 | 455.04 | NOTE | |||
r-devel-linux-x86_64-fedora-gcc | 0.75 | 481.69 | OK | |||
r-devel-windows-x86_64 | 0.75 | 42.00 | 283.00 | 325.00 | OK | |
r-patched-linux-x86_64 | 0.75 | 49.05 | 293.33 | 342.38 | OK | |
r-release-linux-x86_64 | 0.75 | 41.05 | 298.59 | 339.64 | OK | |
r-release-macos-arm64 | 0.75 | 121.00 | OK | |||
r-release-windows-x86_64 | 0.75 | 43.00 | 279.00 | 322.00 | OK | |
r-oldrel-macos-arm64 | 0.75 | 123.00 | OK | |||
r-oldrel-macos-x86_64 | 0.75 | 315.00 | OK | |||
r-oldrel-windows-x86_64 | 0.75 | 53.00 | 362.00 | 415.00 | OK |
Version: 0.75
Check: package dependencies
Result: NOTE
Imports includes 29 non-default packages.
Importing from so many packages makes the package vulnerable to any of
them becoming unavailable. Move as many as possible to Suggests and
use conditionally.
Flavor: r-devel-linux-x86_64-fedora-clang