Last updated on 2024-05-04 13:49:02 CEST.
Flavor | Version | Tinstall | Tcheck | Ttotal | Status | Flags |
---|---|---|---|---|---|---|
r-devel-linux-x86_64-debian-clang | 0.1.1 | 7.11 | 46.81 | 53.92 | NOTE | |
r-devel-linux-x86_64-debian-gcc | 0.1.1 | 3.94 | 34.82 | 38.76 | NOTE | |
r-devel-linux-x86_64-fedora-clang | 0.1.1 | 64.14 | NOTE | |||
r-devel-linux-x86_64-fedora-gcc | 0.1.1 | 67.92 | NOTE | |||
r-devel-windows-x86_64 | 0.1.1 | 6.00 | 56.00 | 62.00 | NOTE | |
r-patched-linux-x86_64 | 0.1.1 | 6.99 | 43.70 | 50.69 | NOTE | |
r-release-linux-x86_64 | 0.1.1 | 6.01 | 43.67 | 49.68 | NOTE | |
r-release-macos-arm64 | 0.1.1 | 22.00 | NOTE | |||
r-release-windows-x86_64 | 0.1.1 | 6.00 | 54.00 | 60.00 | NOTE | |
r-oldrel-macos-arm64 | 0.1.1 | 25.00 | OK | |||
r-oldrel-macos-x86_64 | 0.1.1 | 31.00 | OK | |||
r-oldrel-windows-x86_64 | 0.1.1 | 6.00 | 58.00 | 64.00 | OK |
Version: 0.1.1
Check: Rd files
Result: NOTE
checkRd: (-1) ec.datalag.Rd:5: Lost braces; missing escapes or markup?
5 | \title{prepares Dy y_1 Dy_1 ... Dy_{nlag-1} for estimation}
| ^
checkRd: (-1) ec.datalag.Rd:15: Lost braces
15 | ymat contains the folloiwing columns {Dy y_1 Dy_1 ... Dy_{nlag-1}}
| ^
checkRd: (-1) ec.datalag.Rd:15: Lost braces; missing escapes or markup?
15 | ymat contains the folloiwing columns {Dy y_1 Dy_1 ... Dy_{nlag-1}}
| ^
checkRd: (-1) lagn.Rd:21: Lost braces; missing escapes or markup?
21 | REM: alternative to "lead-lag" {dplyr} which applies to vector y
| ^
Flavors: r-devel-linux-x86_64-debian-clang, r-devel-linux-x86_64-debian-gcc, r-devel-linux-x86_64-fedora-clang, r-devel-linux-x86_64-fedora-gcc, r-devel-windows-x86_64, r-patched-linux-x86_64, r-release-linux-x86_64, r-release-macos-arm64, r-release-windows-x86_64