Last updated on 2024-05-06 01:48:17 CEST.
Flavor | Version | Tinstall | Tcheck | Ttotal | Status | Flags |
---|---|---|---|---|---|---|
r-devel-linux-x86_64-debian-clang | 0.4.1 | 1.50 | 31.97 | 33.47 | OK | |
r-devel-linux-x86_64-debian-gcc | 0.4.1 | 1.86 | 23.49 | 25.35 | OK | |
r-devel-linux-x86_64-fedora-clang | 0.4.1 | 42.77 | NOTE | |||
r-devel-linux-x86_64-fedora-gcc | 0.4.1 | 44.10 | OK | |||
r-devel-windows-x86_64 | 0.4.1 | 3.00 | 45.00 | 48.00 | OK | |
r-patched-linux-x86_64 | 0.4.1 | 2.61 | 29.48 | 32.09 | OK | |
r-release-linux-x86_64 | 0.4.1 | 2.31 | 30.72 | 33.03 | OK | |
r-release-macos-arm64 | 0.4.1 | 19.00 | OK | |||
r-release-windows-x86_64 | 0.4.1 | 3.00 | 45.00 | 48.00 | OK | |
r-oldrel-macos-arm64 | 0.4.1 | 18.00 | OK | |||
r-oldrel-macos-x86_64 | 0.4.1 | 23.00 | OK | |||
r-oldrel-windows-x86_64 | 0.4.1 | 3.00 | 48.00 | 51.00 | OK |
Version: 0.4.1
Check: Rd cross-references
Result: NOTE
Undeclared package ‘reshape’ in Rd xrefs
Flavor: r-devel-linux-x86_64-fedora-clang