Last updated on 2024-05-04 13:49:02 CEST.
Flavor | Version | Tinstall | Tcheck | Ttotal | Status | Flags |
---|---|---|---|---|---|---|
r-devel-linux-x86_64-debian-clang | 0.9.39 | 3.88 | 39.77 | 43.65 | OK | |
r-devel-linux-x86_64-debian-gcc | 0.9.39 | 4.20 | 30.35 | 34.55 | OK | |
r-devel-linux-x86_64-fedora-clang | 0.9.39 | 59.57 | NOTE | |||
r-devel-linux-x86_64-fedora-gcc | 0.9.39 | 61.12 | NOTE | |||
r-devel-windows-x86_64 | 0.9.39 | 5.00 | 58.00 | 63.00 | OK | |
r-patched-linux-x86_64 | 0.9.39 | 4.62 | 38.73 | 43.35 | OK | |
r-release-linux-x86_64 | 0.9.39 | 5.30 | 39.23 | 44.53 | OK | |
r-release-macos-arm64 | 0.9.39 | 20.00 | OK | |||
r-release-windows-x86_64 | 0.9.39 | 6.00 | 57.00 | 63.00 | OK | |
r-oldrel-macos-arm64 | 0.9.39 | 22.00 | OK | |||
r-oldrel-macos-x86_64 | 0.9.39 | 36.00 | OK | |||
r-oldrel-windows-x86_64 | 0.9.39 | 7.00 | 57.00 | 64.00 | OK |
Version: 0.9.39
Check: data for non-ASCII characters
Result: NOTE
Note: found 1 marked UTF-8 string
Flavors: r-devel-linux-x86_64-fedora-clang, r-devel-linux-x86_64-fedora-gcc