Last updated on 2024-05-04 13:49:02 CEST.
Flavor | Version | Tinstall | Tcheck | Ttotal | Status | Flags |
---|---|---|---|---|---|---|
r-devel-linux-x86_64-debian-clang | 0.5 | 7.18 | 46.25 | 53.43 | OK | |
r-devel-linux-x86_64-debian-gcc | 0.5 | 4.26 | 34.36 | 38.62 | OK | |
r-devel-linux-x86_64-fedora-clang | 0.5 | 65.42 | NOTE | |||
r-devel-linux-x86_64-fedora-gcc | 0.5 | 82.92 | OK | |||
r-devel-windows-x86_64 | 0.5 | 7.00 | 58.00 | 65.00 | NOTE | |
r-patched-linux-x86_64 | 0.5 | 4.89 | 43.97 | 48.86 | OK | |
r-release-linux-x86_64 | 0.5 | 3.42 | 44.74 | 48.16 | OK | |
r-release-macos-arm64 | 0.5 | 30.00 | NOTE | |||
r-release-windows-x86_64 | 0.5 | 6.00 | 58.00 | 64.00 | NOTE | |
r-oldrel-macos-arm64 | 0.5 | 37.00 | NOTE | |||
r-oldrel-macos-x86_64 | 0.5 | 42.00 | NOTE | |||
r-oldrel-windows-x86_64 | 0.5 | 8.00 | 62.00 | 70.00 | NOTE |
Version: 0.5
Check: installed package size
Result: NOTE
installed size is 5.6Mb
sub-directories of 1Mb or more:
data 3.4Mb
doc 1.9Mb
Flavors: r-devel-linux-x86_64-fedora-clang, r-devel-windows-x86_64, r-release-macos-arm64, r-release-windows-x86_64, r-oldrel-macos-arm64, r-oldrel-macos-x86_64, r-oldrel-windows-x86_64