Last updated on 2024-05-04 13:49:02 CEST.
Flavor | Version | Tinstall | Tcheck | Ttotal | Status | Flags |
---|---|---|---|---|---|---|
r-devel-linux-x86_64-debian-clang | 0.3-65 | 11.71 | 88.46 | 100.17 | OK | |
r-devel-linux-x86_64-debian-gcc | 0.3-65 | 6.37 | 66.05 | 72.42 | OK | |
r-devel-linux-x86_64-fedora-clang | 0.3-65 | 133.76 | NOTE | |||
r-devel-linux-x86_64-fedora-gcc | 0.3-65 | 136.90 | OK | |||
r-devel-windows-x86_64 | 0.3-65 | 13.00 | 114.00 | 127.00 | OK | |
r-patched-linux-x86_64 | 0.3-65 | 10.63 | 84.48 | 95.11 | OK | |
r-release-linux-x86_64 | 0.3-65 | 11.40 | 85.19 | 96.59 | OK | |
r-release-macos-arm64 | 0.3-65 | 39.00 | OK | |||
r-release-windows-x86_64 | 0.3-65 | 13.00 | 110.00 | 123.00 | OK | |
r-oldrel-macos-arm64 | 0.3-65 | 63.00 | OK | |||
r-oldrel-macos-x86_64 | 0.3-65 | 154.00 | OK | |||
r-oldrel-windows-x86_64 | 0.3-65 | 14.00 | 116.00 | 130.00 | OK |
Version: 0.3-65
Check: Rd cross-references
Result: NOTE
Undeclared packages ‘mlbench’, ‘fpc’ in Rd xrefs
Flavor: r-devel-linux-x86_64-fedora-clang