Last updated on 2024-05-04 13:49:02 CEST.
Flavor | Version | Tinstall | Tcheck | Ttotal | Status | Flags |
---|---|---|---|---|---|---|
r-devel-linux-x86_64-debian-clang | 1.0.0 | 82.87 | 383.34 | 466.21 | OK | |
r-devel-linux-x86_64-debian-gcc | 1.0.0 | 65.59 | 475.33 | 540.92 | OK | |
r-devel-linux-x86_64-fedora-clang | 1.0.0 | 637.16 | OK | |||
r-devel-linux-x86_64-fedora-gcc | 1.0.0 | 627.55 | OK | |||
r-devel-windows-x86_64 | 1.0.0 | 70.00 | 285.00 | 355.00 | OK | |
r-patched-linux-x86_64 | 1.0.0 | 93.49 | 390.16 | 483.65 | OK | |
r-release-linux-x86_64 | 1.0.0 | 75.24 | 416.92 | 492.16 | OK | |
r-release-macos-arm64 | 1.0.0 | 157.00 | NOTE | |||
r-release-macos-x86_64 | 1.0.0 | 158.00 | NOTE | |||
r-release-windows-x86_64 | 1.0.0 | 74.00 | 280.00 | 354.00 | OK | |
r-oldrel-macos-arm64 | 1.0.0 | 103.00 | NOTE | |||
r-oldrel-macos-x86_64 | 1.0.0 | 180.00 | NOTE | |||
r-oldrel-windows-x86_64 | 1.0.0 | 90.00 | 375.00 | 465.00 | OK |
Version: 1.0.0
Check: installed package size
Result: NOTE
installed size is 7.0Mb
sub-directories of 1Mb or more:
doc 2.6Mb
libs 4.2Mb
Flavors: r-release-macos-arm64, r-release-macos-x86_64, r-oldrel-macos-arm64, r-oldrel-macos-x86_64