Last updated on 2024-05-04 13:49:02 CEST.
Flavor | Version | Tinstall | Tcheck | Ttotal | Status | Flags |
---|---|---|---|---|---|---|
r-devel-linux-x86_64-debian-clang | 0.1 | 2.27 | 62.43 | 64.70 | NOTE | |
r-devel-linux-x86_64-debian-gcc | 0.1 | 1.84 | 43.33 | 45.17 | NOTE | |
r-devel-linux-x86_64-fedora-clang | 0.1 | 79.03 | NOTE | |||
r-devel-linux-x86_64-fedora-gcc | 0.1 | 95.14 | NOTE | |||
r-devel-windows-x86_64 | 0.1 | 2.00 | 60.00 | 62.00 | OK | |
r-patched-linux-x86_64 | 0.1 | 2.17 | 57.97 | 60.14 | NOTE | |
r-release-linux-x86_64 | 0.1 | 2.00 | 56.54 | 58.54 | NOTE | |
r-release-macos-arm64 | 0.1 | 25.00 | OK | |||
r-release-windows-x86_64 | 0.1 | 4.00 | 59.00 | 63.00 | OK | |
r-oldrel-macos-arm64 | 0.1 | 27.00 | OK | |||
r-oldrel-macos-x86_64 | 0.1 | 42.00 | OK | |||
r-oldrel-windows-x86_64 | 0.1 | 3.00 | 64.00 | 67.00 | OK |
Version: 0.1
Check: for non-standard things in the check directory
Result: NOTE
Found the following files/directories:
‘clusterhap_reports’
Flavors: r-devel-linux-x86_64-debian-clang, r-devel-linux-x86_64-debian-gcc, r-devel-linux-x86_64-fedora-clang, r-devel-linux-x86_64-fedora-gcc, r-patched-linux-x86_64, r-release-linux-x86_64