Last updated on 2024-05-04 09:49:31 CEST.
Flavor | Version | Tinstall | Tcheck | Ttotal | Status | Flags |
---|---|---|---|---|---|---|
r-devel-linux-x86_64-debian-clang | 1.1.1 | 0.60 | 2.28 | 2.88 | ERROR | |
r-devel-linux-x86_64-debian-gcc | 1.1.1 | 58.64 | 432.69 | 491.33 | OK | |
r-devel-linux-x86_64-fedora-clang | 1.1.1 | 915.97 | OK | |||
r-devel-linux-x86_64-fedora-gcc | 1.1.1 | 821.14 | OK | |||
r-devel-windows-x86_64 | 1.1.1 | 64.00 | 405.00 | 469.00 | OK | |
r-patched-linux-x86_64 | 1.1.1 | 48.39 | 563.05 | 611.44 | OK | |
r-release-linux-x86_64 | 1.1.1 | 49.60 | 576.75 | 626.35 | OK | |
r-release-macos-arm64 | 1.1.1 | 241.00 | OK | |||
r-release-macos-x86_64 | 1.1.1 | 506.00 | OK | |||
r-release-windows-x86_64 | 1.1.1 | 62.00 | 409.00 | 471.00 | OK | |
r-oldrel-macos-arm64 | 1.1.1 | 10.00 | ERROR | |||
r-oldrel-macos-x86_64 | 1.1.1 | 7.00 | ERROR | |||
r-oldrel-windows-x86_64 | 1.1.1 | 85.00 | 558.00 | 643.00 | OK |
Version: 1.1.1
Check: package dependencies
Result: ERROR
Packages required but not available: 'GSEABase', 'GSVA', 'singscore'
See section ‘The DESCRIPTION file’ in the ‘Writing R Extensions’
manual.
Flavor: r-devel-linux-x86_64-debian-clang
Version: 1.1.1
Check: package dependencies
Result: ERROR
Package required but not available: ‘GSVA’
See section ‘The DESCRIPTION file’ in the ‘Writing R Extensions’
manual.
Flavors: r-oldrel-macos-arm64, r-oldrel-macos-x86_64